highest common divisor of 149443976 and 88?
88
What is the greatest common divisor of 223284 and 5934?
138
What is the greatest common factor of 742 and 2388316?
14
What is the greatest common divisor of 2838810 and 827892?
2262
What is the highest common divisor of 6958091 and 161?
7
What is the highest common factor of 3915 and 37319259?
87
What is the highest common factor of 58656 and 135924?
564
What is the greatest common divisor of 81416 and 848?
8
What is the greatest common factor of 200 and 17699300?
100
Calculate the greatest common factor of 57779 and 2913278.
3041
What is the highest common divisor of 70977 and 108973?
59
Calculate the greatest common factor of 4496733 and 18.
9
What is the highest common divisor of 14958 and 700810?
554
What is the greatest common divisor of 13288 and 3008071?
1661
What is the highest common divisor of 1103232 and 4195932?
2028
What is the greatest common divisor of 21156758 and 37762?
478
What is the highest common divisor of 6250 and 757750?
250
Calculate the highest common factor of 1206096 and 1128.
24
Calculate the greatest common divisor of 539 and 4959416.
77
Calculate the greatest common factor of 200 and 128755960.
40
What is the highest common factor of 2013748 and 990?
22
Calculate the highest common divisor of 199300 and 20400.
100
What is the greatest common factor of 3092 and 80762267?
773
What is the highest common divisor of 1546 and 6544991?
773
What is the highest common factor of 80 and 7876490?
10
Calculate the greatest common divisor of 148239960 and 264.
264
Calculate the highest common divisor of 48392323 and 7.
7
Calculate the highest common factor of 4020588 and 14839.
781
Calculate the greatest common divisor of 5024 and 266272.
5024
Calculate the highest common factor of 6332691 and 5943.
849
Calculate the greatest common factor of 10940 and 438140.
20
Calculate the greatest common factor of 280164 and 108.
12
Calculate the highest common factor of 1357 and 219815179.
59
What is the highest common divisor of 16067519 and 949?
949
Calculate the highest common factor of 138510 and 2780.
10
Calculate the highest common divisor of 46677465 and 8280.
1035
Calculate the greatest common factor of 406788 and 1098066.
654
What is the highest common factor of 856847915 and 14?
7
What is the greatest common factor of 1726505 and 605?
55
Calculate the greatest common factor of 85569 and 10977.
3
What is the highest common divisor of 1790 and 7305552060?
1790
What is the highest common divisor of 22000100 and 760?
380
What is the highest common factor of 232360 and 605706?
314
Calculate the highest common factor of 519712 and 1871440.
2384
Calculate the greatest common divisor of 16259342 and 968.
22
What is the highest common divisor of 296 and 9658443?
37
Calculate the greatest common factor of 60 and 78391660.
20
What is the greatest common factor of 294556 and 10121?
349
Calculate the highest common divisor of 650 and 13866775.
325
What is the highest common divisor of 736 and 58854976?
736
Calculate the greatest common divisor of 249452 and 99056.
604
What is the greatest common divisor of 11265650 and 33?
11
What is the highest common divisor of 28564 and 1141016?
772
What is the highest common divisor of 9816526 and 13890?
926
What is the highest common divisor of 140 and 1414486745?
35
Calculate the highest common factor of 790241155 and 1595.
1595
Calculate the highest common factor of 576021711 and 669.
669
What is the highest common factor of 53987344 and 16?
16
What is the highest common divisor of 221858 and 12763114?
4186
What is the greatest common factor of 944415 and 65565?
1395
What is the highest common factor of 538102224 and 11?
11
Calculate the greatest common divisor of 109928 and 206266.
302
Calculate the highest common divisor of 54 and 1453437.
27
Calculate the greatest common divisor of 16729678 and 23912.
98
Calculate the greatest common factor of 10135685 and 175.
35
What is the highest common divisor of 6494 and 7514?
34
What is the greatest common divisor of 80674 and 48367730?
7334
What is the highest common divisor of 90024 and 945384?
264
What is the highest common factor of 1528 and 10204?
4
What is the greatest common factor of 13160 and 1238356?
1316
What is the greatest common factor of 1179281673 and 113?
113
Calculate the highest common divisor of 13159144 and 280.
8
What is the highest common divisor of 180 and 50183244?
36
What is the highest common factor of 48406292 and 968?
484
Calculate the highest common divisor of 3220656 and 3120.
48
Calculate the greatest common divisor of 586788858 and 54.
18
What is the highest common divisor of 83564700 and 825?
75
What is the greatest common factor of 3135 and 1082715?
285
What is the highest common factor of 50945 and 44965?
115
Calculate the highest common factor of 12633 and 212.
1
What is the greatest common divisor of 12555 and 850695?
15
Calculate the greatest common factor of 530 and 160052792.
106
What is the greatest common factor of 937678 and 2?
2
Calculate the greatest common divisor of 1066675749 and 489.
489
What is the greatest common divisor of 22 and 418318582?
22
Calculate the greatest common factor of 280 and 7602896.
56
What is the highest common divisor of 416640 and 6216?
168
What is the greatest common divisor of 3971656 and 2392?
104
Calculate the greatest common divisor of 70665 and 61530.
105
What is the highest common divisor of 2842685 and 4370?
2185
What is the greatest common factor of 10769 and 1584737?
121
What is the highest common divisor of 157049388 and 3816?
1908
What is the greatest common divisor of 20 and 438957560?
20
Calculate the greatest common divisor of 33 and 5698627671.
33
Calculate the highest common factor of 2016 and 29476832.
224
Calculate the highest common divisor of 569 and 1940749183.
569
Calculate the greatest common factor of 28 and 549136196.
28
Calculate the greatest common factor of 6702 and 13116.
6
What is the greatest common divisor of 35155520 and 202520?
2440
What is the greatest common divisor of 10922 and 1147318?
254
What is the greatest common divisor of 170 and 428649934?
34
What is the highest common factor of 5095875 and 826575?
8025
Calculate the highest common divisor of 5016 and 2897367.
627
Calculate the greatest common factor of 14688 and 176528.
272
What is the greatest common factor of 1796 and 364694862?
898
Calculate the greatest common divisor of 18654852 and 12.
12
Calculate the highest common factor of 753 and 195810.
3
Calculate the greatest common divisor of 35 and 7331485.
35
What is the highest common factor of 1805 and 170392?
361
Calculate the greatest common divisor of 17083675 and 18655.
1435
What is the greatest common factor of 2953304 and 116?
4
What is the greatest common divisor of 834681316 and 644?
644
What is the greatest common divisor of 15354765 and 1223?
1223
Calculate the greatest common factor of 3566 and 330.
2
What is the greatest common factor of 10008 and 9047788?
556
What is the highest common divisor of 13149955 and 4823?
91
What is the highest common divisor of 66565818 and 264?
66
Calculate the greatest common divisor of 112 and 5653823.
7
What is the greatest common divisor of 331 and 8704?
1
Calculate the greatest common divisor of 405 and 1600803.
81
Calculate the highest common factor of 16841 and 600182.
11
Calculate the greatest common divisor of 868628 and 96.
4
What is the greatest common factor of 129168 and 324714?
1794
What is the highest common factor of 3 and 55477623?
3
Calculate the highest common factor of 81 and 1525572.
9
Calculate the highest common factor of 1038737 and 314503.
1253
Calculate the greatest common factor of 5242845 and 3860.
965
Calculate the highest common divisor of 5471936 and 512.
64
Calculate the greatest common divisor of 7598412 and 60.
12
What is the highest common divisor of 96 and 561615456?
96
Calculate the highest common factor of 805275 and 150.
75
What is the greatest common divisor of 553610 and 69745?
145
What is the greatest common divisor of 109883791 and 47?
47
What is the greatest common factor of 106353 and 63973?
13
What is the greatest common divisor of 89 and 6035891?
89
Calculate the greatest common factor of 134216 and